{"id":103,"date":"2016-08-16T08:20:19","date_gmt":"2016-08-16T08:20:19","guid":{"rendered":"http:\/\/pracownia52.home.pl\/autoinstalator\/wordpress11\/?page_id=103"},"modified":"2025-10-30T09:39:33","modified_gmt":"2025-10-30T09:39:33","slug":"desorient","status":"publish","type":"page","link":"https:\/\/mh.waw.pl\/?page_id=103","title":{"rendered":"Desorient"},"content":{"rendered":"\n<p><em>Zesp\u00f3\u0142 <\/em><strong><em><a href=\"https:\/\/pl.wikipedia.org\/wiki\/DesOrient\" data-type=\"link\" data-id=\"https:\/\/pl.wikipedia.org\/wiki\/DesOrient\">Desorient<\/a><\/em><\/strong><em>? Po prostu s\u0142\u00f3w nie mam zachwytu nad tym, co robi\u0105.<br><br>Wystarczy im pu\u015bci\u0107 d\u017awi\u0119k zegarka, klakson samochodowy<br><br>i z tego jest potem pi\u0119kna muzyka\u2026<\/em><br> <strong>Micha\u0142 Lorenc<\/strong>, kompozytor<br> fragment wywiadu dla Radia Konin z 6 XI 2011 r.<\/p>\n","protected":false},"excerpt":{"rendered":"<p>Zesp\u00f3\u0142 Desorient? Po prostu s\u0142\u00f3w nie mam zachwytu nad tym, co robi\u0105. Wystarczy im pu\u015bci\u0107 d\u017awi\u0119k zegarka, klakson samochodowy i z tego jest potem pi\u0119kna muzyka\u2026 Micha\u0142 Lorenc, kompozytor fragment wywiadu dla Radia Konin z 6 XI 2011 r.<\/p>\n","protected":false},"author":1,"featured_media":0,"parent":0,"menu_order":0,"comment_status":"closed","ping_status":"closed","template":"","meta":{"footnotes":""},"class_list":["post-103","page","type-page","status-publish","hentry"],"_links":{"self":[{"href":"https:\/\/mh.waw.pl\/index.php?rest_route=\/wp\/v2\/pages\/103","targetHints":{"allow":["GET"]}}],"collection":[{"href":"https:\/\/mh.waw.pl\/index.php?rest_route=\/wp\/v2\/pages"}],"about":[{"href":"https:\/\/mh.waw.pl\/index.php?rest_route=\/wp\/v2\/types\/page"}],"author":[{"embeddable":true,"href":"https:\/\/mh.waw.pl\/index.php?rest_route=\/wp\/v2\/users\/1"}],"replies":[{"embeddable":true,"href":"https:\/\/mh.waw.pl\/index.php?rest_route=%2Fwp%2Fv2%2Fcomments&post=103"}],"version-history":[{"count":3,"href":"https:\/\/mh.waw.pl\/index.php?rest_route=\/wp\/v2\/pages\/103\/revisions"}],"predecessor-version":[{"id":411,"href":"https:\/\/mh.waw.pl\/index.php?rest_route=\/wp\/v2\/pages\/103\/revisions\/411"}],"wp:attachment":[{"href":"https:\/\/mh.waw.pl\/index.php?rest_route=%2Fwp%2Fv2%2Fmedia&parent=103"}],"curies":[{"name":"wp","href":"https:\/\/api.w.org\/{rel}","templated":true}]}}