{"id":91,"date":"2016-08-16T06:22:18","date_gmt":"2016-08-16T06:22:18","guid":{"rendered":"http:\/\/pracownia52.home.pl\/autoinstalator\/wordpress11\/?page_id=91"},"modified":"2018-02-24T08:20:56","modified_gmt":"2018-02-24T08:20:56","slug":"kontakt","status":"publish","type":"page","link":"https:\/\/mh.waw.pl\/?page_id=91","title":{"rendered":"kontakt"},"content":{"rendered":"<p>Je\u015bli chcecie dowiedzie\u0107 si\u0119 czego\u015b wi\u0119cej albo zam\u00f3wi\u0107 u mnie wykonanie jakiej\u015b drewnianej formy \u2013 oto adres mailowy:<\/p>\n<ol><strong>heniek @ gazeta . pl<\/strong><\/ol>\n<p>(w przypadku kopiowania adresu przed wys\u0142aniem maila prosimy usun\u0105\u0107 w nim spacje, wstawione jako ochrona przed spamem)<\/p>\n","protected":false},"excerpt":{"rendered":"<p>Je\u015bli chcecie dowiedzie\u0107 si\u0119 czego\u015b wi\u0119cej albo zam\u00f3wi\u0107 u mnie wykonanie jakiej\u015b drewnianej formy \u2013 oto adres mailowy: heniek @ gazeta . pl (w przypadku kopiowania adresu przed wys\u0142aniem maila prosimy usun\u0105\u0107 w nim spacje, wstawione jako ochrona przed spamem)<\/p>\n","protected":false},"author":1,"featured_media":0,"parent":0,"menu_order":0,"comment_status":"closed","ping_status":"closed","template":"","meta":{"footnotes":""},"class_list":["post-91","page","type-page","status-publish","hentry"],"_links":{"self":[{"href":"https:\/\/mh.waw.pl\/index.php?rest_route=\/wp\/v2\/pages\/91","targetHints":{"allow":["GET"]}}],"collection":[{"href":"https:\/\/mh.waw.pl\/index.php?rest_route=\/wp\/v2\/pages"}],"about":[{"href":"https:\/\/mh.waw.pl\/index.php?rest_route=\/wp\/v2\/types\/page"}],"author":[{"embeddable":true,"href":"https:\/\/mh.waw.pl\/index.php?rest_route=\/wp\/v2\/users\/1"}],"replies":[{"embeddable":true,"href":"https:\/\/mh.waw.pl\/index.php?rest_route=%2Fwp%2Fv2%2Fcomments&post=91"}],"version-history":[{"count":4,"href":"https:\/\/mh.waw.pl\/index.php?rest_route=\/wp\/v2\/pages\/91\/revisions"}],"predecessor-version":[{"id":187,"href":"https:\/\/mh.waw.pl\/index.php?rest_route=\/wp\/v2\/pages\/91\/revisions\/187"}],"wp:attachment":[{"href":"https:\/\/mh.waw.pl\/index.php?rest_route=%2Fwp%2Fv2%2Fmedia&parent=91"}],"curies":[{"name":"wp","href":"https:\/\/api.w.org\/{rel}","templated":true}]}}